{"id":221,"date":"2018-08-16T09:08:40","date_gmt":"2018-08-16T07:08:40","guid":{"rendered":"https:\/\/nordboegge.info\/?page_id=221"},"modified":"2018-09-30T17:19:17","modified_gmt":"2018-09-30T15:19:17","slug":"foerderverein-bonhoeffer-haus-nordboegge-e-v","status":"publish","type":"page","link":"https:\/\/nordboegge.info\/?page_id=221","title":{"rendered":"F\u00f6rderverein Bonhoeffer-Haus Nordb\u00f6gge e.V."},"content":{"rendered":"\n<div class=\"wp-block-image\"><figure class=\"alignleft\"><img loading=\"lazy\" decoding=\"async\" width=\"120\" height=\"123\" src=\"https:\/\/nordboegge.info\/wp-content\/uploads\/2018\/09\/stempel_fbh.jpg\" alt=\"\" class=\"wp-image-560\"\/><\/figure><\/div>\n\n\n\n<p class=\"wp-block-paragraph\">Im Juni 2015 haben die Nordb\u00f6gger den F\u00f6rderverein f\u00fcr das Bonhoeffer-Haus gegr\u00fcndet. Das Gemeindehaus der evangelischen Kirche, dessen Unterhalt dem Kirchenkreis zu kostspielig ist, sollte als d\u00f6rfliche Begegnungsst\u00e4tte erhalten bleiben.<\/p>\n\n\n\n<p class=\"wp-block-paragraph\">Der F\u00f6rderverein hat sich neben der \u00dcbernahme der Betriebskosten und dem Erhalt des Geb\u00e4udes auch dessen Aufwertung z.B. durch neue K\u00fchlschr\u00e4nke, Mobiliar etc. auf die Fahne geschrieben, um das Haus f\u00fcr Vermietungen attraktiver zu machen.<\/p>\n\n\n\n<p class=\"wp-block-paragraph\">\u201eIm Verein engagieren sich auch viele, die im Zusammenhang mit der Kirche bisher nicht so in Erscheinung getreten sind\u201c, erkl\u00e4rt der erste Vorsitzende des F\u00f6rderverein Detlef Belter.<br\/><br\/><br\/><\/p>\n\n\n\n<p class=\"wp-block-paragraph\" style=\"text-align:center\"><a href=\"http:\/\/fvbh.de\/\" target=\"_blank\"><strong>Internetseite des F\u00f6rderverein Bonhoeffer-Haus Nordb\u00f6gge e.V.<\/strong><\/a><\/p>\n","protected":false},"excerpt":{"rendered":"<p>Im Juni 2015 haben die Nordb\u00f6gger den F\u00f6rderverein f\u00fcr das Bonhoeffer-Haus gegr\u00fcndet. Das Gemeindehaus der evangelischen Kirche, dessen Unterhalt dem Kirchenkreis zu kostspielig ist, sollte als d\u00f6rfliche Begegnungsst\u00e4tte erhalten bleiben. Der F\u00f6rderverein hat sich neben der \u00dcbernahme der Betriebskosten und &hellip; <a href=\"https:\/\/nordboegge.info\/?page_id=221\">Weiterlesen <span class=\"meta-nav\">&rarr;<\/span><\/a><\/p>\n","protected":false},"author":4,"featured_media":0,"parent":35,"menu_order":0,"comment_status":"closed","ping_status":"closed","template":"","meta":{"_crdt_document":"","footnotes":""},"class_list":["post-221","page","type-page","status-publish","hentry"],"_links":{"self":[{"href":"https:\/\/nordboegge.info\/index.php?rest_route=\/wp\/v2\/pages\/221","targetHints":{"allow":["GET"]}}],"collection":[{"href":"https:\/\/nordboegge.info\/index.php?rest_route=\/wp\/v2\/pages"}],"about":[{"href":"https:\/\/nordboegge.info\/index.php?rest_route=\/wp\/v2\/types\/page"}],"author":[{"embeddable":true,"href":"https:\/\/nordboegge.info\/index.php?rest_route=\/wp\/v2\/users\/4"}],"replies":[{"embeddable":true,"href":"https:\/\/nordboegge.info\/index.php?rest_route=%2Fwp%2Fv2%2Fcomments&post=221"}],"version-history":[{"count":0,"href":"https:\/\/nordboegge.info\/index.php?rest_route=\/wp\/v2\/pages\/221\/revisions"}],"up":[{"embeddable":true,"href":"https:\/\/nordboegge.info\/index.php?rest_route=\/wp\/v2\/pages\/35"}],"wp:attachment":[{"href":"https:\/\/nordboegge.info\/index.php?rest_route=%2Fwp%2Fv2%2Fmedia&parent=221"}],"curies":[{"name":"wp","href":"https:\/\/api.w.org\/{rel}","templated":true}]}}