{"id":235,"date":"2018-08-16T09:20:07","date_gmt":"2018-08-16T07:20:07","guid":{"rendered":"https:\/\/nordboegge.info\/?page_id=235"},"modified":"2025-07-19T12:38:22","modified_gmt":"2025-07-19T10:38:22","slug":"dvg-mv-polizei-und-schutzhundeverein-nordboegge","status":"publish","type":"page","link":"https:\/\/nordboegge.info\/?page_id=235","title":{"rendered":"DVG-MV  Polizei- und Schutzhundeverein Nordb\u00f6gge"},"content":{"rendered":"\n<p class=\"wp-block-paragraph\">Am 1. Januar 1962 gegr\u00fcndet, blickt der Verein auf eine stolze Tradition zur\u00fcck, die sich auf die Anfang des 20. Jahrhunderts reformierte Polizeihundeausbildung st\u00fctzt, als die Vereine ein eigenes Pr\u00fcfungssystem aufbauten, um der Vielseitigkeit Ihrer Tiere gerecht zu werden.<br><br>Daher r\u00fchrt auch der etwas sperrige Vereinsname mit &#8222;DVG-MV Polizei- und Schutzhundeverein Nordb\u00f6gge&#8220;. Dieser wurde bewusst gew\u00e4hlt, um sich an den Urspr\u00fcngen der Entwicklung weiterhin orientieren zu k\u00f6nnen.<br><br>Anfangs traf man sich auf einer Apfelwiese erinnert sich G\u00fcnther Braun, 1. Kassierer des Vereins. Inzwischen finden alle Kurse und \u00dcbungen auf dem stattlichen Gel\u00e4nde an der Hammer Stra\u00dfe statt. Das Vereinsheim, schon bald nach der Vereinsgr\u00fcndung errichtet, wurde nach und nach durch Anbauten erweitert und bietet der Vereinsfamilie viel Platz f\u00fcr ihre obligatorischen Versammlungen sowie auch f\u00fcr gesellige Treffen.<br><br>Einen ausgesprochen guten Zuspruch findet die seit Jahren aufgebauten Welpen- und Junghundekurse, an denen auch Nichtmitglieder mit ihren Hunden teilnehmen k\u00f6nnen, und zwar mitgliedsbeitragfrei.<\/p>\n\n\n\n<p class=\"has-text-align-center wp-block-paragraph\"><br><a href=\"https:\/\/www.wa.de\/lokales\/boenen\/neuer-vorstand-beim-hundesportverein-nordboegge-93036829.html\" target=\"_blank\" rel=\"noreferrer noopener\"><strong>Neuer Vorstand will Hundesportverein Nordb\u00f6gge wieder beleben<\/strong><\/a><br><\/p>\n\n\n\n<p class=\"has-text-align-center wp-block-paragraph\"><a href=\"https:\/\/www.facebook.com\/p\/DVG-MV-Nordb%C3%B6gge-100063753902627\/\" target=\"_blank\" rel=\"noreferrer noopener\"><strong>DVG-MV-Nordb\u00f6gge<\/strong><\/a><br><br><\/p>\n\n\n\n<p class=\"has-text-align-center wp-block-paragraph\"><br><\/p>\n","protected":false},"excerpt":{"rendered":"<p>Am 1. Januar 1962 gegr\u00fcndet, blickt der Verein auf eine stolze Tradition zur\u00fcck, die sich auf die Anfang des 20. Jahrhunderts reformierte Polizeihundeausbildung st\u00fctzt, als die Vereine ein eigenes Pr\u00fcfungssystem aufbauten, um der Vielseitigkeit Ihrer Tiere gerecht zu werden. Daher &hellip; <a href=\"https:\/\/nordboegge.info\/?page_id=235\">Weiterlesen <span class=\"meta-nav\">&rarr;<\/span><\/a><\/p>\n","protected":false},"author":4,"featured_media":0,"parent":35,"menu_order":0,"comment_status":"closed","ping_status":"closed","template":"","meta":{"_crdt_document":"","footnotes":""},"class_list":["post-235","page","type-page","status-publish","hentry"],"_links":{"self":[{"href":"https:\/\/nordboegge.info\/index.php?rest_route=\/wp\/v2\/pages\/235","targetHints":{"allow":["GET"]}}],"collection":[{"href":"https:\/\/nordboegge.info\/index.php?rest_route=\/wp\/v2\/pages"}],"about":[{"href":"https:\/\/nordboegge.info\/index.php?rest_route=\/wp\/v2\/types\/page"}],"author":[{"embeddable":true,"href":"https:\/\/nordboegge.info\/index.php?rest_route=\/wp\/v2\/users\/4"}],"replies":[{"embeddable":true,"href":"https:\/\/nordboegge.info\/index.php?rest_route=%2Fwp%2Fv2%2Fcomments&post=235"}],"version-history":[{"count":1,"href":"https:\/\/nordboegge.info\/index.php?rest_route=\/wp\/v2\/pages\/235\/revisions"}],"predecessor-version":[{"id":1286,"href":"https:\/\/nordboegge.info\/index.php?rest_route=\/wp\/v2\/pages\/235\/revisions\/1286"}],"up":[{"embeddable":true,"href":"https:\/\/nordboegge.info\/index.php?rest_route=\/wp\/v2\/pages\/35"}],"wp:attachment":[{"href":"https:\/\/nordboegge.info\/index.php?rest_route=%2Fwp%2Fv2%2Fmedia&parent=235"}],"curies":[{"name":"wp","href":"https:\/\/api.w.org\/{rel}","templated":true}]}}