{"id":253,"date":"2018-08-16T09:39:21","date_gmt":"2018-08-16T07:39:21","guid":{"rendered":"https:\/\/nordboegge.info\/?page_id=253"},"modified":"2025-07-19T12:10:44","modified_gmt":"2025-07-19T10:10:44","slug":"sportplatz","status":"publish","type":"page","link":"https:\/\/nordboegge.info\/?page_id=253","title":{"rendered":"Sportplatz"},"content":{"rendered":"\n<div class=\"wp-block-buttons is-horizontal is-content-justification-center is-layout-flex wp-container-core-buttons-is-layout-b618d73c wp-block-buttons-is-layout-flex\">\n<div class=\"wp-block-button is-style-outline is-style-outline--1\"><a class=\"wp-block-button__link wp-element-button\" href=\"https:\/\/nordboegge.info\/?page_id=499\">&lt;-<\/a><\/div>\n\n\n\n<div class=\"wp-block-button is-style-outline is-style-outline--2\"><a class=\"wp-block-button__link wp-element-button\" href=\"https:\/\/nordboegge.info\/?page_id=19\">^<\/a><\/div>\n\n\n\n<div class=\"wp-block-button is-style-outline is-style-outline--3\"><a class=\"wp-block-button__link wp-element-button\" href=\"https:\/\/nordboegge.info\/?page_id=14\">-&gt;<\/a><\/div>\n<\/div>\n\n\n\n<p class=\"wp-block-paragraph\"><\/p>\n\n\n\n<figure class=\"wp-block-image\"><img loading=\"lazy\" decoding=\"async\" width=\"600\" height=\"450\" src=\"https:\/\/nordboegge.info\/wp-content\/uploads\/2018\/09\/618c5f82397c95154d38833c65c93dab.jpg\" alt=\"\" class=\"wp-image-441\" srcset=\"https:\/\/nordboegge.info\/wp-content\/uploads\/2018\/09\/618c5f82397c95154d38833c65c93dab.jpg 600w, https:\/\/nordboegge.info\/wp-content\/uploads\/2018\/09\/618c5f82397c95154d38833c65c93dab-300x225.jpg 300w, https:\/\/nordboegge.info\/wp-content\/uploads\/2018\/09\/618c5f82397c95154d38833c65c93dab-520x390.jpg 520w\" sizes=\"auto, (max-width: 600px) 100vw, 600px\" \/><\/figure>\n\n\n\n<p class=\"wp-block-paragraph\">Um 1950 durfte der VfK Nordb\u00f6gge seinen alten Sportplatz&nbsp;unmittelbar an der Hauptstra\u00dfe Pelkum-Unna nicht mehr f\u00fcr die Austragung von Fu\u00dfballspielen benutzen, da evtl. auf die Fahrbahn fallende B\u00e4lle den Verkehr gef\u00e4hrden k\u00f6nnten.<br><br><\/p>\n\n\n<div class=\"wp-block-image\">\n<figure class=\"alignright is-resized\"><img loading=\"lazy\" decoding=\"async\" width=\"600\" height=\"450\" src=\"https:\/\/nordboegge.info\/wp-content\/uploads\/2018\/09\/df2242ba54e91563ad164f231aa11d12.jpg\" alt=\"\" class=\"wp-image-442\" style=\"width:278px;height:209px\" srcset=\"https:\/\/nordboegge.info\/wp-content\/uploads\/2018\/09\/df2242ba54e91563ad164f231aa11d12.jpg 600w, https:\/\/nordboegge.info\/wp-content\/uploads\/2018\/09\/df2242ba54e91563ad164f231aa11d12-300x225.jpg 300w, https:\/\/nordboegge.info\/wp-content\/uploads\/2018\/09\/df2242ba54e91563ad164f231aa11d12-520x390.jpg 520w\" sizes=\"auto, (max-width: 600px) 100vw, 600px\" \/><figcaption class=\"wp-element-caption\">Das alte VfK Vereinsheim bis 2009<\/figcaption><\/figure>\n<\/div>\n\n\n<p class=\"wp-block-paragraph\">Nicht allzu lange dauerte es und schon hatte der Verein Verhandlungen mit einigen Bauern zur Pachtung eines geeigneten Grundst\u00fcckes aufgenommen. Schlie\u00dflich gelang es ihnen dann, zwei hinter der Gemeindeschule in Nordb\u00f6gge liegende Weiden der Bauern Milk und B\u00fcscher auf zehn Jahre zu pachten. Nur ein Fu\u00dfballspieler wird die Freude der Vereinsmitglieder ermessen k\u00f6nnen. Die sofort aufgenommenen Arbeiten schreiten schnell voran. Zaunpf\u00e4hle sind schon in die Erde geschlagen und noch diese Woche soll der Draht gespannt werden. Dann werden die Kanalisationsarbeiten in Angriff genommen und der Platz kann planiert werden. Ganz besonders sei aber auch auf die Unterst\u00fctzung der Gemeindeverwaltung hingewiesen, die dem Verein 500,- DM zur Verf\u00fcgung gestellt hat.<br>Hier und in den Jahren danach sind von Mitgliedern etliche Stunden in Eigenhilfe zur Errichtung und Verbesserung des Sportplatzes geleistet worden.<\/p>\n\n\n\n<p class=\"wp-block-paragraph\">Letzte gro\u00dfe Bauma\u00dfnahme war der Neubau des Vereinsheims in den Jahren 2009 &#8211; 2011.<br><\/p>\n\n\n\n<figure class=\"wp-block-image is-resized\"><img loading=\"lazy\" decoding=\"async\" width=\"1920\" height=\"1440\" src=\"https:\/\/nordboegge.info\/wp-content\/uploads\/2018\/09\/VfkVereinsheimMax0481.jpg\" alt=\"\" class=\"wp-image-443\" style=\"width:413px;height:310px\" srcset=\"https:\/\/nordboegge.info\/wp-content\/uploads\/2018\/09\/VfkVereinsheimMax0481.jpg 1920w, https:\/\/nordboegge.info\/wp-content\/uploads\/2018\/09\/VfkVereinsheimMax0481-300x225.jpg 300w, https:\/\/nordboegge.info\/wp-content\/uploads\/2018\/09\/VfkVereinsheimMax0481-768x576.jpg 768w, https:\/\/nordboegge.info\/wp-content\/uploads\/2018\/09\/VfkVereinsheimMax0481-1024x768.jpg 1024w, https:\/\/nordboegge.info\/wp-content\/uploads\/2018\/09\/VfkVereinsheimMax0481-520x390.jpg 520w, https:\/\/nordboegge.info\/wp-content\/uploads\/2018\/09\/VfkVereinsheimMax0481-740x555.jpg 740w\" sizes=\"auto, (max-width: 1920px) 100vw, 1920px\" \/><figcaption class=\"wp-element-caption\"> Der Bau des Vereinsheims dauerte 2 Jahre !! Angefangen hat der Bau im Fr\u00fchjahr 2009. Das Vereinsheim wurde KOMPLETT durch Eigenleistung der Vereinsmitglieder gebaut !! <\/figcaption><\/figure>\n\n\n\n<figure class=\"wp-block-image is-resized\"><img loading=\"lazy\" decoding=\"async\" width=\"1920\" height=\"1440\" src=\"https:\/\/nordboegge.info\/wp-content\/uploads\/2018\/09\/IMG_47921.jpg\" alt=\"\" class=\"wp-image-444\" style=\"width:422px;height:317px\" srcset=\"https:\/\/nordboegge.info\/wp-content\/uploads\/2018\/09\/IMG_47921.jpg 1920w, https:\/\/nordboegge.info\/wp-content\/uploads\/2018\/09\/IMG_47921-300x225.jpg 300w, https:\/\/nordboegge.info\/wp-content\/uploads\/2018\/09\/IMG_47921-768x576.jpg 768w, https:\/\/nordboegge.info\/wp-content\/uploads\/2018\/09\/IMG_47921-1024x768.jpg 1024w, https:\/\/nordboegge.info\/wp-content\/uploads\/2018\/09\/IMG_47921-520x390.jpg 520w, https:\/\/nordboegge.info\/wp-content\/uploads\/2018\/09\/IMG_47921-740x555.jpg 740w\" sizes=\"auto, (max-width: 1920px) 100vw, 1920px\" \/><\/figure>\n\n\n\n<p class=\"wp-block-paragraph\">Quellen:&nbsp; Webseiten des VfK Nordb\u00f6gge 1931 e.V.&nbsp; &amp; der  <br>Schnieber Bau- und Elementierungs GmbH <\/p>\n","protected":false},"excerpt":{"rendered":"<p>Um 1950 durfte der VfK Nordb\u00f6gge seinen alten Sportplatz&nbsp;unmittelbar an der Hauptstra\u00dfe Pelkum-Unna nicht mehr f\u00fcr die Austragung von Fu\u00dfballspielen benutzen, da evtl. auf die Fahrbahn fallende B\u00e4lle den Verkehr gef\u00e4hrden k\u00f6nnten. Nicht allzu lange dauerte es und schon hatte &hellip; <a href=\"https:\/\/nordboegge.info\/?page_id=253\">Weiterlesen <span class=\"meta-nav\">&rarr;<\/span><\/a><\/p>\n","protected":false},"author":4,"featured_media":0,"parent":19,"menu_order":0,"comment_status":"closed","ping_status":"closed","template":"","meta":{"_crdt_document":"","footnotes":""},"class_list":["post-253","page","type-page","status-publish","hentry"],"_links":{"self":[{"href":"https:\/\/nordboegge.info\/index.php?rest_route=\/wp\/v2\/pages\/253","targetHints":{"allow":["GET"]}}],"collection":[{"href":"https:\/\/nordboegge.info\/index.php?rest_route=\/wp\/v2\/pages"}],"about":[{"href":"https:\/\/nordboegge.info\/index.php?rest_route=\/wp\/v2\/types\/page"}],"author":[{"embeddable":true,"href":"https:\/\/nordboegge.info\/index.php?rest_route=\/wp\/v2\/users\/4"}],"replies":[{"embeddable":true,"href":"https:\/\/nordboegge.info\/index.php?rest_route=%2Fwp%2Fv2%2Fcomments&post=253"}],"version-history":[{"count":1,"href":"https:\/\/nordboegge.info\/index.php?rest_route=\/wp\/v2\/pages\/253\/revisions"}],"predecessor-version":[{"id":1265,"href":"https:\/\/nordboegge.info\/index.php?rest_route=\/wp\/v2\/pages\/253\/revisions\/1265"}],"up":[{"embeddable":true,"href":"https:\/\/nordboegge.info\/index.php?rest_route=\/wp\/v2\/pages\/19"}],"wp:attachment":[{"href":"https:\/\/nordboegge.info\/index.php?rest_route=%2Fwp%2Fv2%2Fmedia&parent=253"}],"curies":[{"name":"wp","href":"https:\/\/api.w.org\/{rel}","templated":true}]}}