{"id":35,"date":"2018-08-07T12:22:31","date_gmt":"2018-08-07T12:22:31","guid":{"rendered":"https:\/\/nordboegge.info\/?page_id=35"},"modified":"2025-07-19T10:48:28","modified_gmt":"2025-07-19T08:48:28","slug":"unsere-vereine","status":"publish","type":"page","link":"https:\/\/nordboegge.info\/?page_id=35","title":{"rendered":"Vereine und Gemeinschaften in Nordb\u00f6gge"},"content":{"rendered":"\n<p class=\"has-regular-font-size wp-block-paragraph\"><strong>Ein Dorf lebt!<\/strong> Und es lebt insbesondere durch die Aktivit\u00e4ten der Vereine in denen die Menschen ihren Interessen nachgehen und ihre Freizeit verbringen. Die Vereine in Nordb\u00f6gge haben dar\u00fcber hinaus auch noch das Ziel den Stadtteil aktiv zu halten, ihn zu pflegen und zu f\u00f6rdern<br><br>Eine Auswahl der aktiven Vereine und Gemeinschaften in Nordb\u00f6gge:<\/p>\n\n\n\n<ul class=\"wp-block-list\">\n<li><a href=\"https:\/\/nordboegge.info\/?page_id=208\">Dorffreunde Nordb\u00f6gge<\/a><\/li>\n\n\n\n<li><a href=\"https:\/\/nordboegge.info\/?page_id=212\">Sch\u00fctzenverein Nordb\u00f6gge<\/a><\/li>\n\n\n\n<li><a href=\"https:\/\/nordboegge.info\/?page_id=214\">Avantgarde des Sch\u00fctzenverein Nordb\u00f6gge<\/a><\/li>\n\n\n\n<li><a href=\"https:\/\/nordboegge.info\/?page_id=217\">VfK Nordb\u00f6gge<\/a><\/li>\n\n\n\n<li><a href=\"https:\/\/nordboegge.info\/?page_id=269\">Freiwillige Feuerwehr B\u00f6nen<\/a><\/li>\n\n\n\n<li><a href=\"https:\/\/nordboegge.info\/?page_id=269\">Spielmannszug<\/a><\/li>\n\n\n\n<li><a href=\"https:\/\/nordboegge.info\/?page_id=269\">Kyffh\u00e4user Kameradschaft<\/a><\/li>\n\n\n\n<li><a href=\"https:\/\/nordboegge.info\/?page_id=225\">Siedlergemeinschaft<\/a><\/li>\n\n\n\n<li><a href=\"https:\/\/nordboegge.info\/?page_id=231\">MGV Nordb\u00f6gge 1908<\/a><\/li>\n\n\n\n<li><a href=\"https:\/\/nordboegge.info\/?page_id=221\">F\u00f6rderverein Bonhoeffer-Haus<\/a><\/li>\n\n\n\n<li><a href=\"https:\/\/nordboegge.info\/?page_id=227\">F\u00f6rderverein Kindergarten Immanuel<\/a><\/li>\n\n\n\n<li><a href=\"https:\/\/nordboegge.info\/?page_id=223\">Reit- u. Fahrverein Nordb\u00f6gge-Lerche<\/a><\/li>\n\n\n\n<li><a href=\"https:\/\/nordboegge.info\/?page_id=235\">DVG-MV Polizei- und Schutzhundeverein<\/a><\/li>\n\n\n\n<li><a href=\"https:\/\/nordboegge.info\/?page_id=233\">Kaninchenzuchtverein<\/a><\/li>\n\n\n\n<li><a href=\"https:\/\/nordboegge.info\/?page_id=353\">Imkerverein<\/a><br><\/li>\n<\/ul>\n","protected":false},"excerpt":{"rendered":"<p>Ein Dorf lebt! Und es lebt insbesondere durch die Aktivit\u00e4ten der Vereine in denen die Menschen ihren Interessen nachgehen und ihre Freizeit verbringen. Die Vereine in Nordb\u00f6gge haben dar\u00fcber hinaus auch noch das Ziel den Stadtteil aktiv zu halten, ihn &hellip; <a href=\"https:\/\/nordboegge.info\/?page_id=35\">Weiterlesen <span class=\"meta-nav\">&rarr;<\/span><\/a><\/p>\n","protected":false},"author":4,"featured_media":0,"parent":0,"menu_order":0,"comment_status":"closed","ping_status":"closed","template":"","meta":{"_crdt_document":"","footnotes":""},"class_list":["post-35","page","type-page","status-publish","hentry"],"_links":{"self":[{"href":"https:\/\/nordboegge.info\/index.php?rest_route=\/wp\/v2\/pages\/35","targetHints":{"allow":["GET"]}}],"collection":[{"href":"https:\/\/nordboegge.info\/index.php?rest_route=\/wp\/v2\/pages"}],"about":[{"href":"https:\/\/nordboegge.info\/index.php?rest_route=\/wp\/v2\/types\/page"}],"author":[{"embeddable":true,"href":"https:\/\/nordboegge.info\/index.php?rest_route=\/wp\/v2\/users\/4"}],"replies":[{"embeddable":true,"href":"https:\/\/nordboegge.info\/index.php?rest_route=%2Fwp%2Fv2%2Fcomments&post=35"}],"version-history":[{"count":2,"href":"https:\/\/nordboegge.info\/index.php?rest_route=\/wp\/v2\/pages\/35\/revisions"}],"predecessor-version":[{"id":1221,"href":"https:\/\/nordboegge.info\/index.php?rest_route=\/wp\/v2\/pages\/35\/revisions\/1221"}],"wp:attachment":[{"href":"https:\/\/nordboegge.info\/index.php?rest_route=%2Fwp%2Fv2%2Fmedia&parent=35"}],"curies":[{"name":"wp","href":"https:\/\/api.w.org\/{rel}","templated":true}]}}